{"id":58,"date":"2018-07-18T17:57:04","date_gmt":"2018-07-18T17:57:04","guid":{"rendered":"https:\/\/www.gadermeier.at\/cms\/?page_id=58"},"modified":"2026-01-07T08:29:57","modified_gmt":"2026-01-07T07:29:57","slug":"jobs","status":"publish","type":"page","link":"https:\/\/www.gadermeier.at\/cms\/jobs\/","title":{"rendered":"Jobs"},"content":{"rendered":"\n<h2 class=\"wp-block-heading\"><span style=\"color: #b2100d;\"><strong><span class=\"heavygrey\">DU SUCHST EINEN INTERESSANTEN UND ABWECHSLUNGSREICHEN JOB?<br>\nGUTE KOHLE UND AUSSICHTSREICHE ZUKUNFTSCHANCEN?<br>\nNIMM DIE HERAUSFORDERUNG AN UND KOMM ZU UNS!<\/span><\/strong><\/span><\/h2>\n\n\n<ul class=\"toggles\" data-toggles-singular=\"false\">\n<li title=\"Lehre Elektrotechnik (m\/w)\">\n<div class=\"desc p-top\">\n<h4><span style=\"color: #b2100d;\">Aufgaben:<\/span><\/h4>\n<ul>\n<li>Errichtung und Inbetriebnahme elektrotechnischer Systeme, Maschinen, Ger\u00e4te und Anlagen<\/li>\n<li>Erweiterung und Umbau elektrischer Anlagen<\/li>\n<li>Wartung, Reparatur und Instandsetzung von diversen elektrischen Maschinen und Ger\u00e4ten<\/li>\n<li>Fehlersuche und St\u00f6rungsbehebung an elektrischen Schaltanlagen und Komponenten<\/li>\n<li>Errichtung und Betreuung von Automatisierungs- und Prozessleitsystemen<\/li>\n<\/ul>\n<div class=\"desc p-top\">\n<h4><span style=\"color: #b2100d;\">Anforderungen:<\/span><\/h4>\n<ul>\n<li>Handwerkliches Geschick<\/li>\n<li>Sehr gute Kenntnisse in Mathematik<\/li>\n<li>Teamf\u00e4higkeit, Eigenmotivation, Lernbereitschaft, rasche Auffassungsgabe und Verantwortungsbewusstsein<\/li>\n<\/ul>\n<div class=\"desc p-top\">\n<h4><span style=\"color: #b2100d;\">Angebot:<\/span><\/h4>\n<ul>\n<li>Du bekommst eine hochwertige Lehrausbildung<\/li>\n<li>Es gibt Pr\u00e4mien bei entsprechender Leistung.<\/li>\n<li>Die Arbeitskleidung sowie eine arbeitsplatzbezogene Schutzausr\u00fcstung werden Dir vom Unternehmen zur Verf\u00fcgung gestellt.<\/li>\n<li>Das Lehrlingseinkommen im 1. Lehrjahr betr\u00e4gt monatlich EUR 1000,00.<\/li>\n<li>bei sehr gutem Erfolg in der ersten Klasse der Berufsschule betr\u00e4gt das Lehrlingseinkommen im 1. Lehrjahr EUR 1.149,00.<\/li>\n<li>Mitfahrgelegenheit mit Firmenbus ab Ried i. I. ist gegeben.<\/li>\n<li>Du kannst anpacken, m\u00f6chtest Verantwortung \u00fcbernehmen und dich in einem best\u00e4ndigen und technisch innovativen Unternehmen einbringen?<\/li>\n<li>Dann bewirb dich jetzt bei uns!<\/li>\n<\/ul>\n<p>Sende deine aussagekr\u00e4ftigen Bewerbungsunterlagen an uns: <a href=\"mailto:herbert@gadermeier.at\">herbert@gadermeier.at<\/a><\/p>\n<\/div>\n<\/div>\n<\/div>\n<\/li>\n<\/ul>\n\n\n<ul class=\"toggles\" data-toggles-singular=\"false\">\n<li title=\"Elektriker (m\/w)\">\n<h4><span style=\"color: #b2100d;\">Aufgaben:<\/span><\/h4>\n<ul>\n<li>Montage von Konstruktionen in elektrotechnischen Anlagen<\/li>\n<li>Montage und Inbetriebnahme von elektrischen Anlagen<\/li>\n<li>E-Installationsarbeiten vorwiegend im Industriebereich<\/li>\n<li>Durchf\u00fchren von Servicearbeiten bei bestehenden Anlagen<\/li>\n<li>Mitarbeit bei Projekten und Anlagenoptimierung<\/li>\n<li>Kundenbetreuung bei technischen Problemen und Erarbeitung von L\u00f6sungsvorschl\u00e4gen<\/li>\n<li>Erstellung von elektrotechnischen Dokumentationen und Auswertungen<\/li>\n<\/ul>\n<h4><span style=\"color: #b2100d;\">Anforderungen:<\/span><\/h4>\n<ul>\n<li>Abgeschlossene Berufsausbildung, Lehre Elektrotechnik, Fachschule im Bereich Elektrotechnik<\/li>\n<li>Ausgepr\u00e4gtes Interesse an technischer\/technischen Materie\/Fragestellungen\u00a0\u00a0(Bereich Elektrotechnik\/Mechatronik\/Automatisierungstechnik, &#8230;)<\/li>\n<li>Erste Berufserfahrung w\u00fcnschenswert<\/li>\n<li>Lernbereitschaft und Wissbegierde in Bezug auf neue technologische Entwicklungen<\/li>\n<li>Grundkenntnisse im Bereich Mess- und Regeltechnik (Prozessmesstechnik)<\/li>\n<li>Teamf\u00e4higkeit, Belastbarkeit und Flexibilit\u00e4t<\/li>\n<li>Selbst\u00e4ndiges und eigenverantwortliches Arbeiten<\/li>\n<li>Gute Deutschkenntnisse in Wort und Schrift<\/li>\n<\/ul>\n<h4><span style=\"color: #b2100d;\">Angebot:<\/span><\/h4>\n<p>Je nach konkreter Qualifikation und Berufserfahrung ist f\u00fcr diese Stelle ein Monatsbruttolohn von mindestens EUR 2.949,00 zuz\u00fcglich EUR 192,89 Montagezulage vorgesehen. Die letztg\u00fcltige Gehaltsvereinbarung treffen wir im Rahmen eines pers\u00f6nlichen Gespr\u00e4ches.<\/p>\n<p>M\u00f6chten Sie uns bei dieser anspruchsvollen Aufgabe in einem herausfordernden Umfeld unterst\u00fctzen? Dann \u00fcberzeugen Sie uns\u00a0und senden Sie uns Ihre aussagekr\u00e4ftigen\u00a0Bewerbungsunterlagen: <a href=\"mailto:herbert@gadermeier.at\">herbert@gadermeier.at<\/a><\/p>\n<\/li>\n<\/ul>\n\n\n<ul class=\"toggles\" data-toggles-singular=\"false\">\n<li title=\"Lehre Konstrukteur Elektroinstallationstechnik (m\/w)\">\n<p><strong><span style=\"color: #993300;\">Aufgaben:<\/span><\/strong><\/p>\n<ul>\n<li>Zeichnen von Pl\u00e4nen, Arbeiten mit CAD-Programmen<\/li>\n<li>Erstellen von Modellaufnahmen und Skizzen, Erstellen von Zeichnungen von Bauteilen, Baugruppen und Werkzeugen<\/li>\n<li>Durchf\u00fchren von Berechnungen<\/li>\n<li>Beraten von KundInnen<\/li>\n<li>Erstellen von Dokumentationen<\/li>\n<\/ul>\n<p><span style=\"color: #993300;\"><strong>Anforderungen:<\/strong><\/span><\/p>\n<ul>\n<li>Interesse und Eignung f\u00fcr den Beruf<\/li>\n<li>Technisches Interesse<\/li>\n<li>Handwerkliche Geschicklichkeit<\/li>\n<li>Interesse f\u00fcr Konstruktion<\/li>\n<li>Weiterbildungsbereitschaft<\/li>\n<\/ul>\n<p><span style=\"color: #993300;\"><strong>Angebot:<\/strong><\/span><\/p>\n<ul>\n<li>Hochwertige Lehrausbildung (Ausbildungsdauer 4 Jahre)<\/li>\n<li>M\u00f6glichkeit zur Lehre mit Matura<\/li>\n<li>Das Lehrlingseinkommen im 1. Lehrjahr betr\u00e4gt monatlich EUR 1000,00 brutto<\/li>\n<li>Bei sehr gutem Erfolg in der ersten Klasse der Berufsschule betr\u00e4gt das Lehrlingseinkommen im 1. Lehrjahr EUR 1.149,00.<\/li>\n<li>Du kannst anpacken, m\u00f6chtest Verantwortung \u00fcbernehmen und dich in einem best\u00e4ndigen und technisch innovativen Unternehmen einbringen?<\/li>\n<li>Dann bewirb dich jetzt bei uns!<\/li>\n<\/ul>\n<p>Sende deine aussagekr\u00e4ftigen Bewerbungsunterlagen an: <a href=\"mailto:herbert@gadermeier.at\">herbert@gadermeier.at<\/a><\/p>\n<\/li>\n<\/ul>\n\n\n\n<p><\/p>\n","protected":false},"excerpt":{"rendered":"<p>DU SUCHST EINEN INTERESSANTEN UND ABWECHSLUNGSREICHEN JOB? GUTE KOHLE UND AUSSICHTSREICHE ZUKUNFTSCHANCEN? NIMM DIE HERAUSFORDERUNG AN UND KOMM ZU UNS! <a href=\"https:\/\/www.gadermeier.at\/cms\/jobs\/\" class=\"more-link\">Mehr lesen<i class=\"icon-arrow-line-right\"><\/i><\/a><\/p>\n","protected":false},"author":1,"featured_media":0,"parent":0,"menu_order":0,"comment_status":"closed","ping_status":"closed","template":"","meta":{"footnotes":""},"class_list":["post-58","page","type-page","status-publish","hentry"],"_links":{"self":[{"href":"https:\/\/www.gadermeier.at\/cms\/wp-json\/wp\/v2\/pages\/58","targetHints":{"allow":["GET"]}}],"collection":[{"href":"https:\/\/www.gadermeier.at\/cms\/wp-json\/wp\/v2\/pages"}],"about":[{"href":"https:\/\/www.gadermeier.at\/cms\/wp-json\/wp\/v2\/types\/page"}],"author":[{"embeddable":true,"href":"https:\/\/www.gadermeier.at\/cms\/wp-json\/wp\/v2\/users\/1"}],"replies":[{"embeddable":true,"href":"https:\/\/www.gadermeier.at\/cms\/wp-json\/wp\/v2\/comments?post=58"}],"version-history":[{"count":36,"href":"https:\/\/www.gadermeier.at\/cms\/wp-json\/wp\/v2\/pages\/58\/revisions"}],"predecessor-version":[{"id":1989,"href":"https:\/\/www.gadermeier.at\/cms\/wp-json\/wp\/v2\/pages\/58\/revisions\/1989"}],"wp:attachment":[{"href":"https:\/\/www.gadermeier.at\/cms\/wp-json\/wp\/v2\/media?parent=58"}],"curies":[{"name":"wp","href":"https:\/\/api.w.org\/{rel}","templated":true}]}}