{"id":15,"date":"2018-07-02T21:07:30","date_gmt":"2018-07-02T21:07:30","guid":{"rendered":"https:\/\/www.gadermeier.at\/cms\/?page_id=15"},"modified":"2021-02-16T16:08:44","modified_gmt":"2021-02-16T15:08:44","slug":"elektroinstallation","status":"publish","type":"page","link":"https:\/\/www.gadermeier.at\/cms\/elektroinstallation\/","title":{"rendered":"Elektroinstallation"},"content":{"rendered":"<h2><hr \/><\/h2>\n<h2><strong><span style=\"color: #b2100d;\">BERATUNG &amp;\u00a0 PLANUNG<\/span><\/strong><\/h2>\n<div class=\"columns separated\"><ul>\n<li class=\"col-1-3\">\n<ul>\n<li class=\"boldgrey\">Kompetente Beratung<\/li>\n<li class=\"boldgrey\">CAD Planung<\/li>\n<li class=\"boldgrey\">\u00d6-Norm gerechte Ausschreibung<\/li>\n<li class=\"boldgrey\">Angebot<\/li>\n<\/ul>\n<\/li>\n<li class=\"col-1-3\">\n<figure id=\"attachment_1303\" class=\"aligncenter\" style=\"width: 360px;\">\n<div class=\"\"><img loading=\"lazy\" decoding=\"async\" class=\"wp-image-1303 size-full \" src=\"https:\/\/www.gadermeier.at\/cms\/wp-content\/uploads\/2021\/02\/HGadermayr21.jpg\" alt=\"\" width=\"360\" height=\"234\" srcset=\"https:\/\/www.gadermeier.at\/cms\/wp-content\/uploads\/2021\/02\/HGadermayr21.jpg 360w, https:\/\/www.gadermeier.at\/cms\/wp-content\/uploads\/2021\/02\/HGadermayr21-300x195.jpg 300w, https:\/\/www.gadermeier.at\/cms\/wp-content\/uploads\/2021\/02\/HGadermayr21-92x60.jpg 92w, https:\/\/www.gadermeier.at\/cms\/wp-content\/uploads\/2021\/02\/HGadermayr21-56x36.jpg 56w, https:\/\/www.gadermeier.at\/cms\/wp-content\/uploads\/2021\/02\/HGadermayr21-350x228.jpg 350w, https:\/\/www.gadermeier.at\/cms\/wp-content\/uploads\/2021\/02\/HGadermayr21-258x168.jpg 258w, https:\/\/www.gadermeier.at\/cms\/wp-content\/uploads\/2021\/02\/HGadermayr21-112x73.jpg 112w\" sizes=\"auto, (max-width: 360px) 100vw, 360px\" \/><\/div>\n<\/figure>\n<\/li>\n<li class=\"col-1-3\">\n<h3><strong>Ing. Herbert Gadermayr<\/strong><br \/>\n<span style=\"color: #808080;\">Gesch\u00e4ftsf\u00fchrer<\/span><\/h3>\n<p><strong>Tel.:<\/strong> +43 7754 \/ 2104 &#8211; 16<br \/>\n<strong>Mobil:<\/strong> +43 676 \/ 898 755 716<br \/>\n<strong>E-mail:<\/strong> <a href=\"mailto:herbert@gadermeier.at\">herbert@gadermeier.at<\/a><\/p>\n<\/li>\n<\/ul><\/div>\n<hr \/>\n<h2><span style=\"color: #b2100d;\"><strong>INSTALLATIONSABTEILUNG F\u00dcR KLEINERE BAUVORHABEN &#8211; REGIE<br \/>\n<\/strong><\/span><\/h2>\n<div class=\"columns separated\"><ul>\n<li class=\"col-1-2\">\n<figure id=\"attachment_1333\" class=\"aligncenter\" style=\"width: 360px;\">\n<div class=\"\"><img loading=\"lazy\" decoding=\"async\" class=\"wp-image-1333 size-full \" src=\"https:\/\/www.gadermeier.at\/cms\/wp-content\/uploads\/2021\/02\/Hattinger21.jpg\" alt=\"\" width=\"360\" height=\"234\" srcset=\"https:\/\/www.gadermeier.at\/cms\/wp-content\/uploads\/2021\/02\/Hattinger21.jpg 360w, https:\/\/www.gadermeier.at\/cms\/wp-content\/uploads\/2021\/02\/Hattinger21-300x195.jpg 300w, https:\/\/www.gadermeier.at\/cms\/wp-content\/uploads\/2021\/02\/Hattinger21-92x60.jpg 92w, https:\/\/www.gadermeier.at\/cms\/wp-content\/uploads\/2021\/02\/Hattinger21-56x36.jpg 56w, https:\/\/www.gadermeier.at\/cms\/wp-content\/uploads\/2021\/02\/Hattinger21-350x228.jpg 350w, https:\/\/www.gadermeier.at\/cms\/wp-content\/uploads\/2021\/02\/Hattinger21-258x168.jpg 258w, https:\/\/www.gadermeier.at\/cms\/wp-content\/uploads\/2021\/02\/Hattinger21-112x73.jpg 112w\" sizes=\"auto, (max-width: 360px) 100vw, 360px\" \/><\/div>\n<\/figure>\n<\/li>\n<li class=\"col-1-2\">\n<h3><strong>Martin Hattinger<\/strong><\/h3>\n<p><strong>Tel.:<\/strong> +43 7754 \/ 2104 &#8211; 27<br \/>\n<strong>Mobil:<\/strong> +43 676 \/ 898 755 727<br \/>\n<strong>E-mail: <\/strong><a href=\"mailto:martin.hattinger@gadermeier.at\">martin.hattinger@gadermeier.at<\/a><\/p>\n<\/li>\n<\/ul><\/div>\n<hr \/>\n<h2><span style=\"color: #b2100d;\"><strong>INSTALLATIONSABTEILUNG F\u00dcR GR\u00d6SSERE BAUVORHABEN<\/strong><\/span><\/h2>\n<div class=\"columns separated\"><ul>\n<li class=\"col-1-2\">\n<figure id=\"attachment_1328\" class=\"aligncenter\" style=\"width: 360px;\">\n<div class=\"\"><img loading=\"lazy\" decoding=\"async\" class=\"wp-image-1328 size-full \" src=\"https:\/\/www.gadermeier.at\/cms\/wp-content\/uploads\/2021\/02\/Haslinger21.jpg\" alt=\"\" width=\"360\" height=\"234\" srcset=\"https:\/\/www.gadermeier.at\/cms\/wp-content\/uploads\/2021\/02\/Haslinger21.jpg 360w, https:\/\/www.gadermeier.at\/cms\/wp-content\/uploads\/2021\/02\/Haslinger21-300x195.jpg 300w, https:\/\/www.gadermeier.at\/cms\/wp-content\/uploads\/2021\/02\/Haslinger21-92x60.jpg 92w, https:\/\/www.gadermeier.at\/cms\/wp-content\/uploads\/2021\/02\/Haslinger21-56x36.jpg 56w, https:\/\/www.gadermeier.at\/cms\/wp-content\/uploads\/2021\/02\/Haslinger21-350x228.jpg 350w, https:\/\/www.gadermeier.at\/cms\/wp-content\/uploads\/2021\/02\/Haslinger21-258x168.jpg 258w, https:\/\/www.gadermeier.at\/cms\/wp-content\/uploads\/2021\/02\/Haslinger21-112x73.jpg 112w\" sizes=\"auto, (max-width: 360px) 100vw, 360px\" \/><\/div>\n<\/figure>\n<\/li>\n<li class=\"col-1-2\">\n<h3><strong>Georg Haslinger<\/strong><span style=\"color: #808080;\"><br \/>\n<\/span><\/h3>\n<p><strong>Tel.:<\/strong> +43 7754 \/ 2104 &#8211; 21<br \/>\n<strong>Mobil:<\/strong> +43 676 \/ 898 755 721<br \/>\n<strong>E-mail:<\/strong> <a href=\"mailto:georg.haslinger@gadermeier.at\">georg.haslinger@gadermeier.at<\/a><\/p>\n<\/li>\n<\/ul><\/div>\n<div class=\"columns separated\"><ul>\n<li class=\"col-1-2\">\n<figure id=\"attachment_1329\" class=\"aligncenter\" style=\"width: 360px;\">\n<div class=\"\"><img loading=\"lazy\" decoding=\"async\" class=\"wp-image-1329 size-full \" src=\"https:\/\/www.gadermeier.at\/cms\/wp-content\/uploads\/2021\/02\/Hohensinn21.jpg\" alt=\"\" width=\"360\" height=\"234\" srcset=\"https:\/\/www.gadermeier.at\/cms\/wp-content\/uploads\/2021\/02\/Hohensinn21.jpg 360w, https:\/\/www.gadermeier.at\/cms\/wp-content\/uploads\/2021\/02\/Hohensinn21-300x195.jpg 300w, https:\/\/www.gadermeier.at\/cms\/wp-content\/uploads\/2021\/02\/Hohensinn21-92x60.jpg 92w, https:\/\/www.gadermeier.at\/cms\/wp-content\/uploads\/2021\/02\/Hohensinn21-56x36.jpg 56w, https:\/\/www.gadermeier.at\/cms\/wp-content\/uploads\/2021\/02\/Hohensinn21-350x228.jpg 350w, https:\/\/www.gadermeier.at\/cms\/wp-content\/uploads\/2021\/02\/Hohensinn21-258x168.jpg 258w, https:\/\/www.gadermeier.at\/cms\/wp-content\/uploads\/2021\/02\/Hohensinn21-112x73.jpg 112w\" sizes=\"auto, (max-width: 360px) 100vw, 360px\" \/><\/div>\n<\/figure>\n<\/li>\n<li class=\"col-1-2\">\n<h3><strong>Thomas Hohensinn<\/strong><\/h3>\n<p><strong>Tel.:<\/strong> +43 7754 \/ 2104 &#8211; 33<br \/>\n<strong>Mobil:<\/strong> +43 676 \/ 898 755 733<br \/>\n<strong>E-mail:<\/strong> <a href=\"mailto:thomas.hohensinn@gadermeier.at\">thomas.hohensinn@gadermeier.at<\/a><\/p>\n<\/li>\n<\/ul><\/div>\n<div class=\"columns separated\"><ul>\n<li class=\"col-1-2\">\n<figure id=\"attachment_1332\" class=\"aligncenter\" style=\"width: 360px;\">\n<div class=\"\"><img loading=\"lazy\" decoding=\"async\" class=\"wp-image-1332 size-full \" src=\"https:\/\/www.gadermeier.at\/cms\/wp-content\/uploads\/2021\/02\/Feichtenschlager21.jpg\" alt=\"\" width=\"360\" height=\"234\" srcset=\"https:\/\/www.gadermeier.at\/cms\/wp-content\/uploads\/2021\/02\/Feichtenschlager21.jpg 360w, https:\/\/www.gadermeier.at\/cms\/wp-content\/uploads\/2021\/02\/Feichtenschlager21-300x195.jpg 300w, https:\/\/www.gadermeier.at\/cms\/wp-content\/uploads\/2021\/02\/Feichtenschlager21-92x60.jpg 92w, https:\/\/www.gadermeier.at\/cms\/wp-content\/uploads\/2021\/02\/Feichtenschlager21-56x36.jpg 56w, https:\/\/www.gadermeier.at\/cms\/wp-content\/uploads\/2021\/02\/Feichtenschlager21-350x228.jpg 350w, https:\/\/www.gadermeier.at\/cms\/wp-content\/uploads\/2021\/02\/Feichtenschlager21-258x168.jpg 258w, https:\/\/www.gadermeier.at\/cms\/wp-content\/uploads\/2021\/02\/Feichtenschlager21-112x73.jpg 112w\" sizes=\"auto, (max-width: 360px) 100vw, 360px\" \/><\/div>\n<\/figure>\n<\/li>\n<li class=\"col-1-2\">\n<h3><strong>Ing. Florian Feichtenschlager<\/strong><\/h3>\n<p><strong>Tel.:<\/strong> +43 7754 \/ 2104 &#8211; 37<br \/>\n<strong>Mobil:<\/strong> +43 676 \/ 898 755 737<br \/>\n<strong>E-mail:<\/strong> <a href=\"mailto:florian.feichtenschlager@gadermeier.at\">florian.feichtenschlager@gadermeier.at<\/a><\/p>\n<\/li>\n<\/ul><\/div>\n","protected":false},"excerpt":{"rendered":"<p>BERATUNG &amp;\u00a0 PLANUNG INSTALLATIONSABTEILUNG F\u00dcR KLEINERE BAUVORHABEN &#8211; REGIE INSTALLATIONSABTEILUNG F\u00dcR GR\u00d6SSERE BAUVORHABEN <a href=\"https:\/\/www.gadermeier.at\/cms\/elektroinstallation\/\" class=\"more-link\">Mehr lesen<i class=\"icon-arrow-line-right\"><\/i><\/a><\/p>\n","protected":false},"author":1,"featured_media":0,"parent":0,"menu_order":0,"comment_status":"closed","ping_status":"closed","template":"","meta":{"footnotes":""},"class_list":["post-15","page","type-page","status-publish","hentry"],"_links":{"self":[{"href":"https:\/\/www.gadermeier.at\/cms\/wp-json\/wp\/v2\/pages\/15","targetHints":{"allow":["GET"]}}],"collection":[{"href":"https:\/\/www.gadermeier.at\/cms\/wp-json\/wp\/v2\/pages"}],"about":[{"href":"https:\/\/www.gadermeier.at\/cms\/wp-json\/wp\/v2\/types\/page"}],"author":[{"embeddable":true,"href":"https:\/\/www.gadermeier.at\/cms\/wp-json\/wp\/v2\/users\/1"}],"replies":[{"embeddable":true,"href":"https:\/\/www.gadermeier.at\/cms\/wp-json\/wp\/v2\/comments?post=15"}],"version-history":[{"count":48,"href":"https:\/\/www.gadermeier.at\/cms\/wp-json\/wp\/v2\/pages\/15\/revisions"}],"predecessor-version":[{"id":1357,"href":"https:\/\/www.gadermeier.at\/cms\/wp-json\/wp\/v2\/pages\/15\/revisions\/1357"}],"wp:attachment":[{"href":"https:\/\/www.gadermeier.at\/cms\/wp-json\/wp\/v2\/media?parent=15"}],"curies":[{"name":"wp","href":"https:\/\/api.w.org\/{rel}","templated":true}]}}